y + 160. What is the units digit of h?
2
Let s be 2*(-1)/2 + -7. Let j = 0 + 2. Let i = j - s. What is the tens digit of i?
1
What is the units digit of -3*21*18/(-27)?
2
Suppose -4*g + 36 = -g. Let y = g - 8. What is the units digit of y?
4
Let y(c) = 25*c**3 + 2*c - 1. Let m be -1*1 + 1 + 1. What is the tens digit of y(m)?
2
Let v be (52/(-39))/(2/12). Suppose 60 + 20 = -4*l. What is the tens digit of v/l*(-25)/(-1)?
1
What is the tens digit of (-6)/9 - 141/(-9)?
1
Let l = 0 - -2. Let p(h) = 3*h - 1 + 0*h + l*h. What is the units digit of p(2)?
9
Let j be 12/(2 + 51/(-30)). Suppose 5*x = -3*t - j + 158, -2*x = 3*t - 130. What is the units digit of t?
6
Let x be (-1)/5 - 82/(-10). Suppose -5*l + x = -7. Suppose -26 - 1 = -l*v. What is the units digit of v?
9
Let p = 3 + -3. Let x = p + 2. What is the units digit of x?
2
Let q(a) = a**3 + 9*a**2 + 10*a - 2. Let y be q(-7). Suppose l + 3*o + 30 = 4*l, -3*l = -o - y. What is the units digit of l?
8
Let h = -192 - -445. What is the hundreds digit of h?
2
What is the hundreds digit of (-8)/10 + 6940/50?
1
Let j = 4 - -4. Let b(x) = x**3 - x**2 - 4*x - 1. Let z be b(3). Suppose 0 = -z*g - j + 23. What is the units digit of g?
3
Let u(x) = x + 3. Let v be u(5). What is the units digit of v/12 - (-2)/6?
1
Let p = 50 - 35. What is the tens digit of p?
1
Suppose h = -0*h + 3*w + 57, h - w = 51. What is the tens digit of h?
4
Let i = 22 - 17. What is the units digit of i?
5
Let f = -58 + 192. What is the units digit of f?
4
Let u = 12 - 21. Suppose 5*t = -3*q - 68, 4*q + 0*q = -4. Let f = u - t. What is the units digit of f?
4
What is the units digit of 5526/78 - 4/(-26)?
1
What is the hundreds digit of (-51)/(-6)*(-1 + (0 - -27))?
2
Let z(y) = -y**2. Let x be z(-1). What is the units digit of -5*(-1 - -2)*x?
5
Suppose 3*w = -2*t + 5*t - 66, -t = -5*w - 22. Suppose -8*b + o = -3*b - 10, 0 = 2*b - 4*o - t. What is the units digit of b?
1
Let u(b) = -b**3 + 7*b**2 + 7*b - 1. Let s be u(8). Let c = s - -17. What is the units digit of c?
8
Let g be ((-6)/(-9))/((-4)/(-6)). Let m(j) = 6*j**2 + 1. Let k be m(g). Suppose 2*f - 3 = k. What is the units digit of f?
5
Let r(j) = -10*j**3 + 17*j**2 + 31*j - 10. Let n(d) = -7*d**3 + 11*d**2 + 21*d - 7. Let u(v) = 7*n(v) - 5*r(v). What is the tens digit of u(9)?
1
Let z = 52 + -21. What is the tens digit of z?
3
Let h = 576 + -302. What is the units digit of h?
4
Suppose -3*a = -2*a - 9. What is the units digit of a?
9
Suppose 0 = -5*k + 2*k - 3*d + 54, 4*d = -k + 18. Suppose 0 = -0*m + 2*m + 4*h - k, -54 = -4*m + h. What is the tens digit of m?
1
Let g(y) = -y**3 - 6*y**2 - 7*y. What is the tens digit of g(-6)?
4
Let f(d) = -d**3 + 6*d**2 - d - 5. Let z = 4 + 0. What is the units digit of f(z)?
3
Let s = -110 - -224. What is the tens digit of s?
1
Suppose 0 = -3*u - 28 + 196. What is the tens digit of u?
5
Let f(g) = g + 1. Let h be f(-1). Suppose -4*k + h*k = 8. What is the units digit of k/6*-4*6?
8
Suppose -7*h = -2*h - 220. What is the tens digit of h?
4
Let h(n) = -18*n**2 + 2*n - 3. Let z be h(3). Let m be z/4 + 5/(-20). What is the units digit of (-10)/4*m/50?
2
Let t = 9 - 52. Let l = 85 + t. Let v = l - 26. What is the units digit of v?
6
Let i = -5 + -14. Let z = i + 27. What is the units digit of z?
8
Let w be (6 + -2 - -3)*2. Suppose -2*d + 12 = v, -v = 2*d + v - w. Suppose -2*a = -3*k + 2*k - 12, -d*a - 2*k + 12 = 0. What is the units digit of a?
4
Let o be (-4)/(-20) - 19/(-5). Suppose -o*a - s = 30 - 245, 170 = 3*a - s. What is the tens digit of a?
5
Let w = -46 + 105. What is the units digit of w?
9
Let q = 12 - 18. What is the units digit of (2/3)/((-1)/q)?
4
Let b(w) = 4*w + 76. What is the units digit of b(-17)?
8
Suppose 6*n - 7*n + 78 = 0. What is the tens digit of n?
7
Let j(w) = 7*w - 3. Let k be j(3). Suppose k = 5*n - d, -5*n - d + 11 = -11. Suppose -n*i + 4*c + 15 = -1, 0 = i + 5*c - 4. What is the units digit of i?
4
Let w = -7 + 4. Let k be ((-20)/w)/((-8)/60). Let z = -30 - k. What is the units digit of z?
0
Let p(z) = -z**2 - 6*z - 4. What is the units digit of p(-3)?
5
Suppose -4*z = z - 125. What is the units digit of z?
5
Let o(y) = 11*y + 11. Let a(r) = 10*r + 11. Let v(c) = -4*a(c) + 3*o(c). What is the units digit of v(-7)?
8
Let m(p) = -p**2 + 8*p + 6. Suppose -5*i - 2*w + 47 = 8, -2*i + 5*w = -4. Let k be m(i). Let b = 25 - k. What is the tens digit of b?
1
Suppose -11 + 19 = s. What is the units digit of s?
8
Let x = 78 - 45. What is the tens digit of x?
3
Let a = -34 - -72. What is the units digit of a?
8
Let j be (-18)/3 - -3 - -5. Suppose 2*v - 100 = -j*v. What is the tens digit of v?
2
Let m(t) = t**3 - 3*t**2 + t - 2. Let f be m(2). Let u be 24/2 + f + 6. Suppose 5*p - 6 - u = 0. What is the units digit of p?
4
Suppose 3*s - 7*s + 4 = 0. Let g be 2 - (s + 0/(-3)). Suppose -4 = -5*v - 4*x, -2*x - 5 = v - g. What is the units digit of v?
4
Suppose 0*f - 2*f = 0. Suppose f = v - 1. What is the units digit of v?
1
Let a(f) = -f - 1 + 0 + 3. Let w(n) = n**2 + n - 1. Let j(i) = a(i) + w(i). What is the units digit of j(2)?
5
Let u be ((-6)/4)/(2/8). Suppose 5*f + 3*w = 136, -5*f + 4*w = 3*w - 128. What is the units digit of 3/(-9) - f/u?
4
Let v(z) be the second derivative of -z**3 + z**2/2 + z. What is the tens digit of v(-4)?
2
Suppose -3*m = 2*w - 33, -w + 78 = 2*w - 5*m. What is the tens digit of w?
2
Let y = 1 - -1. Suppose y*c - 4 - 48 = 0. Suppose 6*l - c = 4*l. What is the tens digit of l?
1
Suppose 0 = -4*l - l + 260. What is the units digit of l?
2
Let t = -33 - -23. Let s = -3 - t. What is the units digit of s?
7
Let n(l) = -l**3 + 6*l**2 - 7*l. Let a = -13 + 16. What is the units digit of n(a)?
6
Let g(a) = 9*a + 18. What is the tens digit of g(6)?
7
Let j(s) = -s**3 + 4*s**2 + s + 1. Let y be j(4). Suppose -w - 8 = -y*w. Suppose -2*t - w*n = 3*t - 58, -t + 30 = 5*n. What is the units digit of t?
0
Let d = 6 - 2. Let w = d + -12. What is the units digit of w/((-2)/(-2)*-1)?
8
Let j(v) = -4 - 3 + 6. Let k(m) = 2*m**2 - 6. Let q(l) = -6*j(l) + k(l). What is the units digit of q(1)?
2
Let u = -10 - -20. Suppose -z - z = -u. Suppose 8 = 5*j + x - 8, -z*j = -4*x - 36. What is the units digit of j?
4
Suppose -h + 4*h = 0. Suppose -5*s + g + 16 = 0, h = -5*s - g + 4*g + 8. What is the units digit of s?
4
Let n(j) = -7*j**3 + j**2 + 1. Let l be n(-2). Let o = l - 20. Suppose 15 = -3*v - 2*u + o, -5*u = v. What is the tens digit of v?
1
Let i = 39 + -12. What is the tens digit of i?
2
Suppose 23 = 3*o + 8. Suppose 7*s - 4*c - 150 = 2*s, 2*c + 160 = o*s. What is the units digit of s?
4
What is the hundreds digit of (-6446)/(-30) - 36/(-270)?
2
Suppose -1 = 2*j - 5. Suppose 2*q = -2*r + 4, -r - 10 = r - 5*q. Suppose 5*z + 5*f = 117 - j, 2*f - 6 = r. What is the units digit of z?
0
Let y = 6 + -2. What is the tens digit of ((-12)/18)/(y/(-90))?
1
Suppose 2*m + 9 = 1. Let b be 115/20 - 1/m. What is the units digit of b/15 - (-43)/5?
9
Suppose -2*p = 3*v, -3*p + 3*v - 19 = -2*v. What is the tens digit of (3/p)/((-4)/68)?
1
Suppose -3*m = 3*a + 18, m = 4*m. Let i = 6 + a. Suppose i*l = 4*l - 16. What is the units digit of l?
4
Suppose -3*s = -64 - 38. What is the tens digit of s?
3
Suppose -2*f - f = 0. Suppose f = 2*p - 4*p + 4. Suppose -6*o = -o - r - 9, -o + 4*r = p. What is the units digit of o?
2
What is the tens digit of (3 - 4)/(1/(-178))?
7
Let i(k) = -k**2 - 6*k + 7. Let z = 7 + -12. What is the tens digit of i(z)?
1
Let o(b) = -37*b - 1. Let f be o(1). What is the units digit of (f/8)/(4/(-16))?
9
Let b = -1 - 2. Let p = b + 45. Suppose -2*i + p = i. What is the units digit of i?
4
Let f(l) = 2*l + 4. Let t be f(-7). Let q = 11 + -29. Let n = t - q. What is the units digit of n?
8
Let w(t) = t + 10. Let a be w(-5). Suppose 0 = -c - 3*q + 9 + 27, -a*c + 141 = 2*q. What is the units digit of c?
7
Suppose -4*c = -8, -3*u - 4*c = -6*u + 16. Let b(l) = -l + 11. Let z be b(u). Suppose -2*d = -9 + z. What is the units digit of d?
3
Suppose -3*z + 0*z = -4*n - 2, 0 = 2*z + n - 16. Let j(a) = 3*a - 5. Let c be j(5). Let r = c - z. What is the units digit of r?
4
Suppose t - 4*n - 4 = -1, -3*n = -4*t + 51. Let r be -1*(6 + 0 + -3). Let s = r + t. What is the units digit of s?
2
Suppose 5*s - c + 37 - 10 = 0, 4*s + 21 = c. Let